llions digit of 2643646204?
2
What is the thousands digit of 5500653437?
3
What is the thousands digit of 27871639?
1
What is the thousands digit of 926413006?
3
What is the millions digit of 67149771?
7
What is the ten thousands digit of 1641586042?
8
What is the ten millions digit of 254252879?
5
What is the hundreds digit of 70527120?
1
What is the hundred thousands digit of 498834343?
8
What is the ten millions digit of 2054902633?
5
What is the thousands digit of 413083663?
3
What is the tens digit of 53634124?
2
What is the units digit of 452672252?
2
What is the hundred millions digit of 115213291?
1
What is the billions digit of 3826542458?
3
What is the tens digit of 257850934?
3
What is the thousands digit of 148098842?
8
What is the units digit of 86825188?
8
What is the thousands digit of 5996943042?
3
What is the tens digit of 676804081?
8
What is the millions digit of 360893438?
0
What is the thousands digit of 10357623?
7
What is the units digit of 1502544405?
5
What is the tens digit of 79184705?
0
What is the hundred thousands digit of 76965650?
9
What is the ten millions digit of 175952351?
7
What is the tens digit of 213962859?
5
What is the ten thousands digit of 44469770?
6
What is the hundred thousands digit of 17566886?
5
What is the hundreds digit of 285985884?
8
What is the tens digit of 1022556209?
0
What is the millions digit of 85855065?
5
What is the ten thousands digit of 4318829933?
2
What is the hundred thousands digit of 70656660?
6
What is the tens digit of 25646429?
2
What is the thousands digit of 524831274?
1
What is the ten thousands digit of 1104591981?
9
What is the millions digit of 85710533?
5
What is the hundred thousands digit of 83416846?
4
What is the hundred thousands digit of 15694715?
6
What is the hundreds digit of 744569204?
2
What is the hundred thousands digit of 64747743?
7
What is the hundred thousands digit of 112488739?
4
What is the billions digit of 2795132110?
2
What is the billions digit of 2600239737?
2
What is the thousands digit of 197746593?
6
What is the millions digit of 142225016?
2
What is the thousands digit of 5128998?
8
What is the thousands digit of 545405982?
5
What is the ten thousands digit of 48237543?
3
What is the thousands digit of 900539178?
9
What is the hundred thousands digit of 83233402?
2
What is the ten millions digit of 74093900?
7
What is the millions digit of 10747326?
0
What is the ten millions digit of 1374702338?
7
What is the millions digit of 9907516?
9
What is the units digit of 57019650?
0
What is the units digit of 57420561?
1
What is the hundreds digit of 385364835?
8
What is the hundred millions digit of 1531224411?
5
What is the millions digit of 51008281?
1
What is the thousands digit of 74465731?
5
What is the hundred thousands digit of 119188819?
1
What is the ten millions digit of 218414883?
1
What is the thousands digit of 518350446?
0
What is the hundreds digit of 46353688?
6
What is the thousands digit of 397319525?
9
What is the thousands digit of 86941729?
1
What is the ten millions digit of 68454700?
6
What is the millions digit of 257873274?
7
What is the ten thousands digit of 89093645?
9
What is the ten millions digit of 638663495?
3
What is the thousands digit of 1373957987?
7
What is the millions digit of 1705371615?
5
What is the millions digit of 67672426?
7
What is the millions digit of 178453772?
8
What is the millions digit of 233562745?
3
What is the units digit of 456920186?
6
What is the hundred thousands digit of 1764170194?
1
What is the tens digit of 64390515?
1
What is the hundred thousands digit of 571533239?
5
What is the units digit of 3504661481?
1
What is the units digit of 220620968?
8
What is the tens digit of 1041041298?
9
What is the tens digit of 260653468?
6
What is the ten millions digit of 27884623?
2
What is the hundred millions digit of 150753174?
1
What is the units digit of 1461458755?
5
What is the thousands digit of 507317571?
7
What is the ten thousands digit of 68465689?
6
What is the hundreds digit of 1590993933?
9
What is the ten millions digit of 62378648?
6
What is the billions digit of 1474276369?
1
What is the hundred thousands digit of 25522742?
5
What is the units digit of 989150192?
2
What is the millions digit of 2999837?
2
What is the thousands digit of 1491516?
1
What is the units digit of 74114929?
9
What is the ten millions digit of 1945212608?
4
What is the hundred millions digit of 468688764?
4
What is the units digit of 6407130301?
1
What is the hundred thousands digit of 325467921?
4
What is the ten thousands digit of 33840386?
4
What is the units digit of 15434311?
1
What is the units digit of 1500321427?
7
What is the millions digit of 862806261?
2
What is the units digit of 552557221?
1
What is the units digit of 78937726?
6
What is the millions digit of 1206111736?
6
What is the hundred thousands digit of 441795069?
7
What is the millions digit of 270350962?
0
What is the hundreds digit of 802150023?
0
What is the units digit of 461600829?
9
What is the thousands digit of 162061993?
1
What is the units digit of 864574489?
9
What is the hundreds digit of 329098427?
4
What is the hundreds digit of 261178770?
7
What is the ten thousands digit of 617256308?
5
What is the units digit of 1812981390?
0
What is the hundred thousands digit of 340992370?
9
What is the tens digit of 65043846?
4
What is the thousands digit of 26054722?
4
What is the thousands digit of 43275924?
5
What is the millions digit of 124878368?
4
What is the millions digit of 1127599873?
7
What is the millions digit of 742694759?
2
What is the millions digit of 50765632?
0
What is the millions digit of 29897802?
9
What is the hundred thousands digit of 790804179?
8
What is the ten millions digit of 316365532?
1
What is the thousands digit of 1233092997?
2
What is the hundred millions digit of 3531565678?
5
What is the thousands digit of 1130877354?
7
What is the ten thousands digit of 1071284320?
8
What is the millions digit of 5982056886?
2
What is the hundreds digit of 5328364564?
5
What is the ten thousands digit of 7054358281?
5
What is the units digit of 3225677169?
9
What is the hundred millions digit of 922323999?
9
What is the thousands digit of 86531052?
1
What is the hundreds digit of 3800896?
8
What is the hundreds digit of 212554794?
7
What is the hundred thousands digit of 27502031?
5
What is the ten millions digit of 18295362?
1
What is the tens digit of 6529863947?
4
What is the units digit of 9578185?
5
What is the ten thousands digit of 268014098?
1
What is the ten thousands digit of 191743931?
4
What is the millions digit of 282926656?
2
What is the ten millions digit of 4007201682?
0
What is the thousands digit of 146953689?
3
What is the ten thousands digit of 2251486701?
8
What is the thousands digit of 2559447?
9
What is the hundred thousands digit of 54478257?
4
What is the hundred millions digit of 214588401?
2
What is the hundred millions digit of 1807835368?
8
What is the hundred thousands digit of 1319183077?
1
What is the ten millions digit of 481235573?
8
What is the thousands digit of 2341278815?
8
What is the units digit of 854166967?
7
What is the ten millions digit of 30820560?
3
What is the hundred millions digit of 783868123?
7
What is the thousands digit of 40941713?
1
What is the hundred thousands digit of 454386833?
3
What is the millions digit of 1148430018?
8
What is the ten millions digit of 210943464?
1
What is the hundred millions digit of 2306962058?
3
What is the ten millions digit of 24920295?
2
What is the hundreds digit of 12208563?
5
What is the hundreds digit of 50473125?
1
What is the ten thousands digit of 128852959?
5
What is the units digit of 44457085?
5
What is the hundred millions digit of 209699839?
2
What is the units digit of 734306359?
9
What is the ten millions digit of 8159465868?
5
What is the hundreds digit of 2952084953?
9
What is the ten millions digit of 319113704?
1
What is the millions digit of 203559244?
3
What is the tens digit of 20281565?
6
What is the ten thousands digit of 350334629?
3
What is the ten millions digit of 223199628?
2
What is the units digit of 54019573?
3
What is the hundred thousands digit of 523441904?
4
What is the